{"id":301,"date":"2024-04-10T19:35:40","date_gmt":"2024-04-10T17:35:40","guid":{"rendered":"https:\/\/emanature.com\/?post_type=product&#038;p=301"},"modified":"2024-05-06T18:50:22","modified_gmt":"2024-05-06T16:50:22","slug":"huile-essentielle-de-citron","status":"publish","type":"product","link":"https:\/\/emanature.com\/index.php\/product\/huile-essentielle-de-citron\/","title":{"rendered":"Huile essentielle de Citron"},"content":{"rendered":"<p class=\"has-text-color has-link-color wp-elements-a6214cca4f2b665bcd2cd55728829b57\" style=\"color:#bd8997;font-size:24px\"><strong>Description<\/strong><\/p><p style=\"font-size:16px\"><strong>L\u2019huile essentielle de citron<\/strong> poss\u00e8de \u00e9norm\u00e9ment de propri\u00e9t\u00e9s : elle <strong>favorise notamment la digestion et renforce l\u2019immunit\u00e9.<\/strong> En diffusion, elle est aussi stimulante : elle <strong>favorise la bonne humeur et am\u00e9liore le moral des personnes angoiss\u00e9es et sujettes \u00e0 la d\u00e9prime passag\u00e8re.<\/strong> Le citron aide \u00e0 combattre les naus\u00e9es et prot\u00e8ge du mal des transports.<\/p><p style=\"font-size:16px\">Le citronnier \u00e9tait initialement un arbre d\u00e9coratif : ses fruits n\u2019\u00e9taient pas consomm\u00e9s. <strong>Originaire de Chine, <\/strong>il est arriv\u00e9 au sud de l\u2019Europe gr\u00e2ce aux Arabes, via le commerce des \u00e9pices.<\/p><p style=\"font-size:16px\">L\u2019huile essentielle de citron est id\u00e9ale pour <strong>aromatiser les pr\u00e9parations culinaires sucr\u00e9es ou sal\u00e9es, les yaourts et fromages blancs les boissons chaudes ou froides.<\/strong><\/p><p class=\"has-text-color has-link-color wp-elements-84babc6ea2e9cc7dface150c3c94c993\" style=\"color:#bd8997;font-size:24px\"><strong>Utilisation<\/strong><\/p><p style=\"font-size:16px\">\u2022 Anti-bact\u00e9rienne<br>\u2022 Anti-septique<br>\u2022 Anti-virale<br>\u2022 Fluidifiante sanguine<br>\u2022 Tonique digestive<\/p><p class=\"has-text-color has-link-color wp-elements-25f4504aa4ba3b1ba29a701bc46b4267\" style=\"color:#bd8997;font-size:24px\"><strong>Caract\u00e9ristiques techniques<\/strong><\/p><p style=\"font-size:16px\"><strong>Nom botanique :<\/strong> <em>Citrus limon<\/em><br><strong>Mode d\u2019obtention :<\/strong> Expression \u00e0 froid<br><strong>Partie de plante :<\/strong> Expression du zeste<br><br><strong>Ch\u00e9motype :<\/strong> Limon\u00e8ne, B\u00e9ta-pin\u00e8ne, Gamma-terpin\u00e8ne<br><strong>Densit\u00e9 relative :<\/strong> 0.842 \u00e0 0.858 (\u00e0 20\u00b0C)<br><strong>Point \u00e9clair :<\/strong> +53\u00b0 C<br><strong>Origine : <\/strong>Sigoyen, France<\/p><p class=\"has-text-color has-link-color wp-elements-c7c1382109dc8932735a0810eddf2f6f\" style=\"color:#bd8997;font-size:24px\"><strong>Pr\u00e9cautions d\u2019utilisation<\/strong><\/p><p style=\"font-size:16px\">Huile essentielle photosensibilisante, ne pas s\u2019exposer au soleil apr\u00e8s son utilisation.<br>Se laver les mains avant et apr\u00e8s avoir utilis\u00e9 des huiles essentielles.<br>Ne pas utiliser l\u2019huile essentielle de citron chez la femme enceinte pendant tout le temps de la grossesse.<br>Femmes allaitantes, demandez conseil \u00e0 votre m\u00e9decin.<br><br>Ne pas utiliser l\u2019huile essentielle de citron chez les b\u00e9b\u00e9s et les enfants de moins de 3 ans.<br>Ne pas laisser les flacons d\u2019huiles essentielles \u00e0 la port\u00e9e des enfants.<\/p><p style=\"font-size:16px\">.<\/p>","protected":false},"excerpt":{"rendered":"<p>Ayez toujours un flacon d\u2019huile essentielle de citron \u00e0 la maison pour ses <strong>vertus digestives, tonifiantes, assainissantes<\/strong> et &#8230; son d\u00e9licieux go\u00fbt acidul\u00e9 qui rel\u00e8ve toutes vos pr\u00e9parations.<br \/>L&rsquo;huile essentielle, ou essence, de Citron poss\u00e8de de nombreuses propri\u00e9t\u00e9s : elle est notamment <strong>anti-infectieuse, anti-naus\u00e9euse, stimulante nerveuse&#8230;<\/strong> Elle peut s&#8217;employer aussi bien en diffusion qu&rsquo;en usage interne.<\/p>\n","protected":false},"featured_media":681,"template":"","meta":[],"product_cat":[16],"product_tag":[],"yoast_head":"<!-- This site is optimized with the Yoast SEO plugin v22.8 - https:\/\/yoast.com\/wordpress\/plugins\/seo\/ -->\n<title>Huile essentielle de Citron - emanature.com<\/title>\n<meta name=\"robots\" content=\"index, follow, max-snippet:-1, max-image-preview:large, max-video-preview:-1\" \/>\n<link rel=\"canonical\" href=\"https:\/\/emanature.com\/index.php\/product\/huile-essentielle-de-citron\/\" \/>\n<meta property=\"og:locale\" content=\"fr_FR\" \/>\n<meta property=\"og:type\" content=\"article\" \/>\n<meta property=\"og:title\" content=\"Huile essentielle de Citron - emanature.com\" \/>\n<meta property=\"og:description\" content=\"Ayez toujours un flacon d\u2019huile essentielle de citron \u00e0 la maison pour ses vertus digestives, tonifiantes, assainissantes et ... son d\u00e9licieux go\u00fbt acidul\u00e9 qui rel\u00e8ve toutes vos pr\u00e9parations.L&#039;huile essentielle, ou essence, de Citron poss\u00e8de de nombreuses propri\u00e9t\u00e9s : elle est notamment anti-infectieuse, anti-naus\u00e9euse, stimulante nerveuse... Elle peut s&#039;employer aussi bien en diffusion qu&#039;en usage interne.\" \/>\n<meta property=\"og:url\" content=\"https:\/\/emanature.com\/index.php\/product\/huile-essentielle-de-citron\/\" \/>\n<meta property=\"og:site_name\" content=\"emanature.com\" \/>\n<meta property=\"article:modified_time\" content=\"2024-05-06T16:50:22+00:00\" \/>\n<meta property=\"og:image\" content=\"https:\/\/emanature.com\/wp-content\/uploads\/2024\/05\/huile-essentielle-citron-scaled.jpg\" \/>\n\t<meta property=\"og:image:width\" content=\"2560\" \/>\n\t<meta property=\"og:image:height\" content=\"2560\" \/>\n\t<meta property=\"og:image:type\" content=\"image\/jpeg\" \/>\n<meta name=\"twitter:card\" content=\"summary_large_image\" \/>\n<meta name=\"twitter:label1\" content=\"Dur\u00e9e de lecture estim\u00e9e\" \/>\n\t<meta name=\"twitter:data1\" content=\"1 minute\" \/>\n<script type=\"application\/ld+json\" class=\"yoast-schema-graph\">{\"@context\":\"https:\/\/schema.org\",\"@graph\":[{\"@type\":\"WebPage\",\"@id\":\"https:\/\/emanature.com\/index.php\/product\/huile-essentielle-de-citron\/\",\"url\":\"https:\/\/emanature.com\/index.php\/product\/huile-essentielle-de-citron\/\",\"name\":\"Huile essentielle de Citron - emanature.com\",\"isPartOf\":{\"@id\":\"https:\/\/emanature.com\/#website\"},\"primaryImageOfPage\":{\"@id\":\"https:\/\/emanature.com\/index.php\/product\/huile-essentielle-de-citron\/#primaryimage\"},\"image\":{\"@id\":\"https:\/\/emanature.com\/index.php\/product\/huile-essentielle-de-citron\/#primaryimage\"},\"thumbnailUrl\":\"https:\/\/emanature.com\/wp-content\/uploads\/2024\/05\/huile-essentielle-citron-scaled.jpg\",\"datePublished\":\"2024-04-10T17:35:40+00:00\",\"dateModified\":\"2024-05-06T16:50:22+00:00\",\"breadcrumb\":{\"@id\":\"https:\/\/emanature.com\/index.php\/product\/huile-essentielle-de-citron\/#breadcrumb\"},\"inLanguage\":\"fr-FR\",\"potentialAction\":[{\"@type\":\"ReadAction\",\"target\":[\"https:\/\/emanature.com\/index.php\/product\/huile-essentielle-de-citron\/\"]}]},{\"@type\":\"ImageObject\",\"inLanguage\":\"fr-FR\",\"@id\":\"https:\/\/emanature.com\/index.php\/product\/huile-essentielle-de-citron\/#primaryimage\",\"url\":\"https:\/\/emanature.com\/wp-content\/uploads\/2024\/05\/huile-essentielle-citron-scaled.jpg\",\"contentUrl\":\"https:\/\/emanature.com\/wp-content\/uploads\/2024\/05\/huile-essentielle-citron-scaled.jpg\",\"width\":2560,\"height\":2560},{\"@type\":\"BreadcrumbList\",\"@id\":\"https:\/\/emanature.com\/index.php\/product\/huile-essentielle-de-citron\/#breadcrumb\",\"itemListElement\":[{\"@type\":\"ListItem\",\"position\":1,\"name\":\"Accueil\",\"item\":\"https:\/\/emanature.com\/\"},{\"@type\":\"ListItem\",\"position\":2,\"name\":\"Produits\",\"item\":\"https:\/\/emanature.com\/index.php\/shop\/\"},{\"@type\":\"ListItem\",\"position\":3,\"name\":\"Huile essentielle de Citron\"}]},{\"@type\":\"WebSite\",\"@id\":\"https:\/\/emanature.com\/#website\",\"url\":\"https:\/\/emanature.com\/\",\"name\":\"emanature.com\",\"description\":\"Eveillez vos sens, Lib\u00e9rez votre bien-\u00eatre\",\"publisher\":{\"@id\":\"https:\/\/emanature.com\/#organization\"},\"potentialAction\":[{\"@type\":\"SearchAction\",\"target\":{\"@type\":\"EntryPoint\",\"urlTemplate\":\"https:\/\/emanature.com\/?s={search_term_string}\"},\"query-input\":\"required name=search_term_string\"}],\"inLanguage\":\"fr-FR\"},{\"@type\":\"Organization\",\"@id\":\"https:\/\/emanature.com\/#organization\",\"name\":\"emanature.com\",\"url\":\"https:\/\/emanature.com\/\",\"logo\":{\"@type\":\"ImageObject\",\"inLanguage\":\"fr-FR\",\"@id\":\"https:\/\/emanature.com\/#\/schema\/logo\/image\/\",\"url\":\"https:\/\/emanature.com\/wp-content\/uploads\/2024\/04\/logo-ok-web.svg\",\"contentUrl\":\"https:\/\/emanature.com\/wp-content\/uploads\/2024\/04\/logo-ok-web.svg\",\"width\":571,\"height\":81,\"caption\":\"emanature.com\"},\"image\":{\"@id\":\"https:\/\/emanature.com\/#\/schema\/logo\/image\/\"}}]}<\/script>\n<!-- \/ Yoast SEO plugin. -->","yoast_head_json":{"title":"Huile essentielle de Citron - emanature.com","robots":{"index":"index","follow":"follow","max-snippet":"max-snippet:-1","max-image-preview":"max-image-preview:large","max-video-preview":"max-video-preview:-1"},"canonical":"https:\/\/emanature.com\/index.php\/product\/huile-essentielle-de-citron\/","og_locale":"fr_FR","og_type":"article","og_title":"Huile essentielle de Citron - emanature.com","og_description":"Ayez toujours un flacon d\u2019huile essentielle de citron \u00e0 la maison pour ses vertus digestives, tonifiantes, assainissantes et ... son d\u00e9licieux go\u00fbt acidul\u00e9 qui rel\u00e8ve toutes vos pr\u00e9parations.L'huile essentielle, ou essence, de Citron poss\u00e8de de nombreuses propri\u00e9t\u00e9s : elle est notamment anti-infectieuse, anti-naus\u00e9euse, stimulante nerveuse... Elle peut s'employer aussi bien en diffusion qu'en usage interne.","og_url":"https:\/\/emanature.com\/index.php\/product\/huile-essentielle-de-citron\/","og_site_name":"emanature.com","article_modified_time":"2024-05-06T16:50:22+00:00","og_image":[{"width":2560,"height":2560,"url":"https:\/\/emanature.com\/wp-content\/uploads\/2024\/05\/huile-essentielle-citron-scaled.jpg","type":"image\/jpeg"}],"twitter_card":"summary_large_image","twitter_misc":{"Dur\u00e9e de lecture estim\u00e9e":"1 minute"},"schema":{"@context":"https:\/\/schema.org","@graph":[{"@type":"WebPage","@id":"https:\/\/emanature.com\/index.php\/product\/huile-essentielle-de-citron\/","url":"https:\/\/emanature.com\/index.php\/product\/huile-essentielle-de-citron\/","name":"Huile essentielle de Citron - emanature.com","isPartOf":{"@id":"https:\/\/emanature.com\/#website"},"primaryImageOfPage":{"@id":"https:\/\/emanature.com\/index.php\/product\/huile-essentielle-de-citron\/#primaryimage"},"image":{"@id":"https:\/\/emanature.com\/index.php\/product\/huile-essentielle-de-citron\/#primaryimage"},"thumbnailUrl":"https:\/\/emanature.com\/wp-content\/uploads\/2024\/05\/huile-essentielle-citron-scaled.jpg","datePublished":"2024-04-10T17:35:40+00:00","dateModified":"2024-05-06T16:50:22+00:00","breadcrumb":{"@id":"https:\/\/emanature.com\/index.php\/product\/huile-essentielle-de-citron\/#breadcrumb"},"inLanguage":"fr-FR","potentialAction":[{"@type":"ReadAction","target":["https:\/\/emanature.com\/index.php\/product\/huile-essentielle-de-citron\/"]}]},{"@type":"ImageObject","inLanguage":"fr-FR","@id":"https:\/\/emanature.com\/index.php\/product\/huile-essentielle-de-citron\/#primaryimage","url":"https:\/\/emanature.com\/wp-content\/uploads\/2024\/05\/huile-essentielle-citron-scaled.jpg","contentUrl":"https:\/\/emanature.com\/wp-content\/uploads\/2024\/05\/huile-essentielle-citron-scaled.jpg","width":2560,"height":2560},{"@type":"BreadcrumbList","@id":"https:\/\/emanature.com\/index.php\/product\/huile-essentielle-de-citron\/#breadcrumb","itemListElement":[{"@type":"ListItem","position":1,"name":"Accueil","item":"https:\/\/emanature.com\/"},{"@type":"ListItem","position":2,"name":"Produits","item":"https:\/\/emanature.com\/index.php\/shop\/"},{"@type":"ListItem","position":3,"name":"Huile essentielle de Citron"}]},{"@type":"WebSite","@id":"https:\/\/emanature.com\/#website","url":"https:\/\/emanature.com\/","name":"emanature.com","description":"Eveillez vos sens, Lib\u00e9rez votre bien-\u00eatre","publisher":{"@id":"https:\/\/emanature.com\/#organization"},"potentialAction":[{"@type":"SearchAction","target":{"@type":"EntryPoint","urlTemplate":"https:\/\/emanature.com\/?s={search_term_string}"},"query-input":"required name=search_term_string"}],"inLanguage":"fr-FR"},{"@type":"Organization","@id":"https:\/\/emanature.com\/#organization","name":"emanature.com","url":"https:\/\/emanature.com\/","logo":{"@type":"ImageObject","inLanguage":"fr-FR","@id":"https:\/\/emanature.com\/#\/schema\/logo\/image\/","url":"https:\/\/emanature.com\/wp-content\/uploads\/2024\/04\/logo-ok-web.svg","contentUrl":"https:\/\/emanature.com\/wp-content\/uploads\/2024\/04\/logo-ok-web.svg","width":571,"height":81,"caption":"emanature.com"},"image":{"@id":"https:\/\/emanature.com\/#\/schema\/logo\/image\/"}}]}},"jetpack_sharing_enabled":true,"_links":{"self":[{"href":"https:\/\/emanature.com\/index.php\/wp-json\/wp\/v2\/product\/301"}],"collection":[{"href":"https:\/\/emanature.com\/index.php\/wp-json\/wp\/v2\/product"}],"about":[{"href":"https:\/\/emanature.com\/index.php\/wp-json\/wp\/v2\/types\/product"}],"wp:featuredmedia":[{"embeddable":true,"href":"https:\/\/emanature.com\/index.php\/wp-json\/wp\/v2\/media\/681"}],"wp:attachment":[{"href":"https:\/\/emanature.com\/index.php\/wp-json\/wp\/v2\/media?parent=301"}],"wp:term":[{"taxonomy":"product_cat","embeddable":true,"href":"https:\/\/emanature.com\/index.php\/wp-json\/wp\/v2\/product_cat?post=301"},{"taxonomy":"product_tag","embeddable":true,"href":"https:\/\/emanature.com\/index.php\/wp-json\/wp\/v2\/product_tag?post=301"}],"curies":[{"name":"wp","href":"https:\/\/api.w.org\/{rel}","templated":true}]}}