{"id":306,"date":"2024-04-10T20:07:03","date_gmt":"2024-04-10T18:07:03","guid":{"rendered":"https:\/\/emanature.com\/?post_type=product&#038;p=306"},"modified":"2024-05-06T18:52:48","modified_gmt":"2024-05-06T16:52:48","slug":"huile-essentielle-de-thym","status":"publish","type":"product","link":"https:\/\/emanature.com\/index.php\/product\/huile-essentielle-de-thym\/","title":{"rendered":"Huile essentielle de Thym"},"content":{"rendered":"<p class=\"has-text-color has-link-color wp-elements-a6214cca4f2b665bcd2cd55728829b57\" style=\"color:#bd8997;font-size:24px\"><strong>Description<\/strong><\/p><p style=\"font-size:16px\">Cette huile essentielle est particuli\u00e8rement <strong>efficace contre les bronchites et les parasites chez les enfants,<\/strong> gr\u00e2ce \u00e0 ses <strong>propri\u00e9t\u00e9s expectorantes et anti-bact\u00e9riennes.<\/strong> Elle aide \u00e0 soulager les sympt\u00f4mes de la bronchite en aidant \u00e0 <strong>d\u00e9gager les voies respiratoires,<\/strong> et peut \u00eatre utilis\u00e9e en inhalation pour d\u00e9congestionner les sinus et soulager la sinusite.<\/p><p style=\"font-size:16px\">En outre, l&rsquo;huile essentielle de thym est b\u00e9n\u00e9fique pour <strong>traiter l&rsquo;acn\u00e9 en raison de ses propri\u00e9t\u00e9s anti-bact\u00e9riennes<\/strong> <strong>et r\u00e9gulatrices de s\u00e9bum.<\/strong> Elle a \u00e9galement un effet analg\u00e9sique, utile pour <strong>apaiser les douleurs dorsales<\/strong> lorsqu&rsquo;elle est appliqu\u00e9e localement en massage, et peut <strong>soulager les douleurs articulaires<\/strong> gr\u00e2ce \u00e0 ses propri\u00e9t\u00e9s anti-inflammatoires.<\/p><p style=\"font-size:16px\"><strong>Cet arbrisseau<\/strong> aux fleurs variant du blanc au pourpre <strong>poss\u00e8de de minuscules feuilles \u00e0 l\u2019odeur chaude, puissante et herbac\u00e9e<\/strong> qui se retrouve pleinement dans l\u2019huile essentielle, de couleur jaune p\u00e2le dont la production est assez limit\u00e9e, de l\u2019ordre de 20 litres \u00e0 l\u2019hectare.<\/p><p class=\"has-text-color has-link-color wp-elements-84babc6ea2e9cc7dface150c3c94c993\" style=\"color:#bd8997;font-size:24px\"><strong>Utilisation<\/strong><\/p><p style=\"font-size:16px\">\u2022 Anti-bact\u00e9rienne<br>\u2022 Anti-parasitaire<br>\u2022 Anti-virale<br>\u2022 Stimulante immunitaire<br>\u2022 Tonique<\/p><p class=\"has-text-color has-link-color wp-elements-25f4504aa4ba3b1ba29a701bc46b4267\" style=\"color:#bd8997;font-size:24px\"><strong>Caract\u00e9ristiques techniques<\/strong><\/p><p style=\"font-size:16px\"><strong>Nom botanique :<\/strong> <em>Thymus vulgaris<\/em><br><strong>Mode d\u2019obtention :<\/strong> Distillations \u00e0 la vapeur d\u2019eau<br><strong>Partie de plante :<\/strong> Sommit\u00e9s fleuries<br><br><strong>Ch\u00e9motype :<\/strong> Thymol<br><strong>Densit\u00e9 relative :<\/strong> \u00a00.895 &#8211; 0.950 (\u00e0 20\u00b0C)<br><strong>Point \u00e9clair :<\/strong> +62\u00b0 C<br><strong>Origine :<\/strong> La Rochette, France<\/p><p class=\"has-text-color has-link-color wp-elements-c7c1382109dc8932735a0810eddf2f6f\" style=\"color:#bd8997;font-size:24px\"><strong>Pr\u00e9cautions d\u2019utilisation<\/strong><\/p><p style=\"font-size:16px\">Se laver les mains avant et apr\u00e8s avoir utilis\u00e9 des huiles essentielles.<br>Ne pas utiliser l\u2019huile essentielle de thym chez la femme enceinte pendant tout le temps de la grossesse.<br>Ne pas utiliser chez la femme allaitante.<br><br>Ne pas utiliser l\u2019huile essentielle de thym \u00e0 thymol chez les b\u00e9b\u00e9s et les enfants de moins de 7 ans.<br>Ne pas laisser les flacons d\u2019huiles essentielles \u00e0 la port\u00e9e des enfants.<\/p><p style=\"font-size:16px\">.<\/p>","protected":false},"excerpt":{"rendered":"<p><strong>Tr\u00e8s douce,<\/strong> l&rsquo;huile essentielle de Thym est conseill\u00e9e en cas de <strong>probl\u00e8mes de peau.<\/strong> Purifiante, elle\u00a0est r\u00e9put\u00e9e comme une <strong>aide naturelle lors des infections hivernales.<\/strong> Tonique, elle est int\u00e9ressante pour lutter contre la fatigue.<br \/><strong>En cas de maladies hivernales,<\/strong> pensez au thym pour <strong>aider votre corps \u00e0 se d\u00e9fendre et pour stimuler votre \u00e9nergie<\/strong> mise \u00e0 mal par un <strong>\u00e9tat grippal ou une d\u00e9prime saisonni\u00e8re.<\/strong><\/p>\n","protected":false},"featured_media":691,"template":"","meta":[],"product_cat":[16],"product_tag":[],"yoast_head":"<!-- This site is optimized with the Yoast SEO plugin v22.8 - https:\/\/yoast.com\/wordpress\/plugins\/seo\/ -->\n<title>Huile essentielle de Thym - emanature.com<\/title>\n<meta name=\"robots\" content=\"index, follow, max-snippet:-1, max-image-preview:large, max-video-preview:-1\" \/>\n<link rel=\"canonical\" href=\"https:\/\/emanature.com\/index.php\/product\/huile-essentielle-de-thym\/\" \/>\n<meta property=\"og:locale\" content=\"fr_FR\" \/>\n<meta property=\"og:type\" content=\"article\" \/>\n<meta property=\"og:title\" content=\"Huile essentielle de Thym - emanature.com\" \/>\n<meta property=\"og:description\" content=\"Tr\u00e8s douce, l&#039;huile essentielle de Thym est conseill\u00e9e en cas de probl\u00e8mes de peau. Purifiante, elle\u00a0est r\u00e9put\u00e9e comme une aide naturelle lors des infections hivernales. Tonique, elle est int\u00e9ressante pour lutter contre la fatigue.En cas de maladies hivernales, pensez au thym pour aider votre corps \u00e0 se d\u00e9fendre et pour stimuler votre \u00e9nergie mise \u00e0 mal par un \u00e9tat grippal ou une d\u00e9prime saisonni\u00e8re.\" \/>\n<meta property=\"og:url\" content=\"https:\/\/emanature.com\/index.php\/product\/huile-essentielle-de-thym\/\" \/>\n<meta property=\"og:site_name\" content=\"emanature.com\" \/>\n<meta property=\"article:modified_time\" content=\"2024-05-06T16:52:48+00:00\" \/>\n<meta property=\"og:image\" content=\"https:\/\/emanature.com\/wp-content\/uploads\/2024\/05\/huile-essentielle-thym-scaled.jpg\" \/>\n\t<meta property=\"og:image:width\" content=\"2560\" \/>\n\t<meta property=\"og:image:height\" content=\"2560\" \/>\n\t<meta property=\"og:image:type\" content=\"image\/jpeg\" \/>\n<meta name=\"twitter:card\" content=\"summary_large_image\" \/>\n<meta name=\"twitter:label1\" content=\"Dur\u00e9e de lecture estim\u00e9e\" \/>\n\t<meta name=\"twitter:data1\" content=\"1 minute\" \/>\n<script type=\"application\/ld+json\" class=\"yoast-schema-graph\">{\"@context\":\"https:\/\/schema.org\",\"@graph\":[{\"@type\":\"WebPage\",\"@id\":\"https:\/\/emanature.com\/index.php\/product\/huile-essentielle-de-thym\/\",\"url\":\"https:\/\/emanature.com\/index.php\/product\/huile-essentielle-de-thym\/\",\"name\":\"Huile essentielle de Thym - emanature.com\",\"isPartOf\":{\"@id\":\"https:\/\/emanature.com\/#website\"},\"primaryImageOfPage\":{\"@id\":\"https:\/\/emanature.com\/index.php\/product\/huile-essentielle-de-thym\/#primaryimage\"},\"image\":{\"@id\":\"https:\/\/emanature.com\/index.php\/product\/huile-essentielle-de-thym\/#primaryimage\"},\"thumbnailUrl\":\"https:\/\/emanature.com\/wp-content\/uploads\/2024\/05\/huile-essentielle-thym-scaled.jpg\",\"datePublished\":\"2024-04-10T18:07:03+00:00\",\"dateModified\":\"2024-05-06T16:52:48+00:00\",\"breadcrumb\":{\"@id\":\"https:\/\/emanature.com\/index.php\/product\/huile-essentielle-de-thym\/#breadcrumb\"},\"inLanguage\":\"fr-FR\",\"potentialAction\":[{\"@type\":\"ReadAction\",\"target\":[\"https:\/\/emanature.com\/index.php\/product\/huile-essentielle-de-thym\/\"]}]},{\"@type\":\"ImageObject\",\"inLanguage\":\"fr-FR\",\"@id\":\"https:\/\/emanature.com\/index.php\/product\/huile-essentielle-de-thym\/#primaryimage\",\"url\":\"https:\/\/emanature.com\/wp-content\/uploads\/2024\/05\/huile-essentielle-thym-scaled.jpg\",\"contentUrl\":\"https:\/\/emanature.com\/wp-content\/uploads\/2024\/05\/huile-essentielle-thym-scaled.jpg\",\"width\":2560,\"height\":2560},{\"@type\":\"BreadcrumbList\",\"@id\":\"https:\/\/emanature.com\/index.php\/product\/huile-essentielle-de-thym\/#breadcrumb\",\"itemListElement\":[{\"@type\":\"ListItem\",\"position\":1,\"name\":\"Accueil\",\"item\":\"https:\/\/emanature.com\/\"},{\"@type\":\"ListItem\",\"position\":2,\"name\":\"Produits\",\"item\":\"https:\/\/emanature.com\/index.php\/shop\/\"},{\"@type\":\"ListItem\",\"position\":3,\"name\":\"Huile essentielle de Thym\"}]},{\"@type\":\"WebSite\",\"@id\":\"https:\/\/emanature.com\/#website\",\"url\":\"https:\/\/emanature.com\/\",\"name\":\"emanature.com\",\"description\":\"Eveillez vos sens, Lib\u00e9rez votre bien-\u00eatre\",\"publisher\":{\"@id\":\"https:\/\/emanature.com\/#organization\"},\"potentialAction\":[{\"@type\":\"SearchAction\",\"target\":{\"@type\":\"EntryPoint\",\"urlTemplate\":\"https:\/\/emanature.com\/?s={search_term_string}\"},\"query-input\":\"required name=search_term_string\"}],\"inLanguage\":\"fr-FR\"},{\"@type\":\"Organization\",\"@id\":\"https:\/\/emanature.com\/#organization\",\"name\":\"emanature.com\",\"url\":\"https:\/\/emanature.com\/\",\"logo\":{\"@type\":\"ImageObject\",\"inLanguage\":\"fr-FR\",\"@id\":\"https:\/\/emanature.com\/#\/schema\/logo\/image\/\",\"url\":\"https:\/\/emanature.com\/wp-content\/uploads\/2024\/04\/logo-ok-web.svg\",\"contentUrl\":\"https:\/\/emanature.com\/wp-content\/uploads\/2024\/04\/logo-ok-web.svg\",\"width\":571,\"height\":81,\"caption\":\"emanature.com\"},\"image\":{\"@id\":\"https:\/\/emanature.com\/#\/schema\/logo\/image\/\"}}]}<\/script>\n<!-- \/ Yoast SEO plugin. -->","yoast_head_json":{"title":"Huile essentielle de Thym - emanature.com","robots":{"index":"index","follow":"follow","max-snippet":"max-snippet:-1","max-image-preview":"max-image-preview:large","max-video-preview":"max-video-preview:-1"},"canonical":"https:\/\/emanature.com\/index.php\/product\/huile-essentielle-de-thym\/","og_locale":"fr_FR","og_type":"article","og_title":"Huile essentielle de Thym - emanature.com","og_description":"Tr\u00e8s douce, l'huile essentielle de Thym est conseill\u00e9e en cas de probl\u00e8mes de peau. Purifiante, elle\u00a0est r\u00e9put\u00e9e comme une aide naturelle lors des infections hivernales. Tonique, elle est int\u00e9ressante pour lutter contre la fatigue.En cas de maladies hivernales, pensez au thym pour aider votre corps \u00e0 se d\u00e9fendre et pour stimuler votre \u00e9nergie mise \u00e0 mal par un \u00e9tat grippal ou une d\u00e9prime saisonni\u00e8re.","og_url":"https:\/\/emanature.com\/index.php\/product\/huile-essentielle-de-thym\/","og_site_name":"emanature.com","article_modified_time":"2024-05-06T16:52:48+00:00","og_image":[{"width":2560,"height":2560,"url":"https:\/\/emanature.com\/wp-content\/uploads\/2024\/05\/huile-essentielle-thym-scaled.jpg","type":"image\/jpeg"}],"twitter_card":"summary_large_image","twitter_misc":{"Dur\u00e9e de lecture estim\u00e9e":"1 minute"},"schema":{"@context":"https:\/\/schema.org","@graph":[{"@type":"WebPage","@id":"https:\/\/emanature.com\/index.php\/product\/huile-essentielle-de-thym\/","url":"https:\/\/emanature.com\/index.php\/product\/huile-essentielle-de-thym\/","name":"Huile essentielle de Thym - emanature.com","isPartOf":{"@id":"https:\/\/emanature.com\/#website"},"primaryImageOfPage":{"@id":"https:\/\/emanature.com\/index.php\/product\/huile-essentielle-de-thym\/#primaryimage"},"image":{"@id":"https:\/\/emanature.com\/index.php\/product\/huile-essentielle-de-thym\/#primaryimage"},"thumbnailUrl":"https:\/\/emanature.com\/wp-content\/uploads\/2024\/05\/huile-essentielle-thym-scaled.jpg","datePublished":"2024-04-10T18:07:03+00:00","dateModified":"2024-05-06T16:52:48+00:00","breadcrumb":{"@id":"https:\/\/emanature.com\/index.php\/product\/huile-essentielle-de-thym\/#breadcrumb"},"inLanguage":"fr-FR","potentialAction":[{"@type":"ReadAction","target":["https:\/\/emanature.com\/index.php\/product\/huile-essentielle-de-thym\/"]}]},{"@type":"ImageObject","inLanguage":"fr-FR","@id":"https:\/\/emanature.com\/index.php\/product\/huile-essentielle-de-thym\/#primaryimage","url":"https:\/\/emanature.com\/wp-content\/uploads\/2024\/05\/huile-essentielle-thym-scaled.jpg","contentUrl":"https:\/\/emanature.com\/wp-content\/uploads\/2024\/05\/huile-essentielle-thym-scaled.jpg","width":2560,"height":2560},{"@type":"BreadcrumbList","@id":"https:\/\/emanature.com\/index.php\/product\/huile-essentielle-de-thym\/#breadcrumb","itemListElement":[{"@type":"ListItem","position":1,"name":"Accueil","item":"https:\/\/emanature.com\/"},{"@type":"ListItem","position":2,"name":"Produits","item":"https:\/\/emanature.com\/index.php\/shop\/"},{"@type":"ListItem","position":3,"name":"Huile essentielle de Thym"}]},{"@type":"WebSite","@id":"https:\/\/emanature.com\/#website","url":"https:\/\/emanature.com\/","name":"emanature.com","description":"Eveillez vos sens, Lib\u00e9rez votre bien-\u00eatre","publisher":{"@id":"https:\/\/emanature.com\/#organization"},"potentialAction":[{"@type":"SearchAction","target":{"@type":"EntryPoint","urlTemplate":"https:\/\/emanature.com\/?s={search_term_string}"},"query-input":"required name=search_term_string"}],"inLanguage":"fr-FR"},{"@type":"Organization","@id":"https:\/\/emanature.com\/#organization","name":"emanature.com","url":"https:\/\/emanature.com\/","logo":{"@type":"ImageObject","inLanguage":"fr-FR","@id":"https:\/\/emanature.com\/#\/schema\/logo\/image\/","url":"https:\/\/emanature.com\/wp-content\/uploads\/2024\/04\/logo-ok-web.svg","contentUrl":"https:\/\/emanature.com\/wp-content\/uploads\/2024\/04\/logo-ok-web.svg","width":571,"height":81,"caption":"emanature.com"},"image":{"@id":"https:\/\/emanature.com\/#\/schema\/logo\/image\/"}}]}},"jetpack_sharing_enabled":true,"_links":{"self":[{"href":"https:\/\/emanature.com\/index.php\/wp-json\/wp\/v2\/product\/306"}],"collection":[{"href":"https:\/\/emanature.com\/index.php\/wp-json\/wp\/v2\/product"}],"about":[{"href":"https:\/\/emanature.com\/index.php\/wp-json\/wp\/v2\/types\/product"}],"wp:featuredmedia":[{"embeddable":true,"href":"https:\/\/emanature.com\/index.php\/wp-json\/wp\/v2\/media\/691"}],"wp:attachment":[{"href":"https:\/\/emanature.com\/index.php\/wp-json\/wp\/v2\/media?parent=306"}],"wp:term":[{"taxonomy":"product_cat","embeddable":true,"href":"https:\/\/emanature.com\/index.php\/wp-json\/wp\/v2\/product_cat?post=306"},{"taxonomy":"product_tag","embeddable":true,"href":"https:\/\/emanature.com\/index.php\/wp-json\/wp\/v2\/product_tag?post=306"}],"curies":[{"name":"wp","href":"https:\/\/api.w.org\/{rel}","templated":true}]}}