{"id":313,"date":"2024-04-10T21:20:18","date_gmt":"2024-04-10T19:20:18","guid":{"rendered":"https:\/\/emanature.com\/?post_type=product&#038;p=313"},"modified":"2024-05-06T18:54:50","modified_gmt":"2024-05-06T16:54:50","slug":"huile-essentielle-de-dangelique","status":"publish","type":"product","link":"https:\/\/emanature.com\/index.php\/product\/huile-essentielle-de-dangelique\/","title":{"rendered":"Huile essentielle d&rsquo;Ang\u00e9lique"},"content":{"rendered":"<p class=\"has-text-color has-link-color wp-elements-a6214cca4f2b665bcd2cd55728829b57\" style=\"color:#bd8997;font-size:24px\"><strong>Description<\/strong><\/p><p style=\"font-size:16px\">L&rsquo;huile essentielle d&rsquo;Ang\u00e9lique est <strong>tr\u00e8s r\u00e9put\u00e9e pour lutter contre les \u00e9tats de stress et la nervosit\u00e9. <\/strong>Apaisante, l&rsquo;huile essentielle d&rsquo;Ang\u00e9lique <strong>relaxe en cas de&nbsp;troubles du sommeil.<\/strong> L&rsquo;huile essentielle d&rsquo;Ang\u00e9lique est \u00e9galement traditionnellement <strong>conseill\u00e9e pour att\u00e9nuer les inconforts digestifs.<\/strong><\/p><p style=\"font-size:16px\">L\u2019huile essentielle d\u2019Ang\u00e9lique est utilis\u00e9e pour <strong>accompagner les troubles de l\u2019anxi\u00e9t\u00e9<\/strong> (angoisse, insomnie, asth\u00e9nie nerveuse) ainsi que les <strong>d\u00e9pendances : drogues, fumeurs, sevrage alcool.<\/strong><\/p><p class=\"has-text-color has-link-color wp-elements-84babc6ea2e9cc7dface150c3c94c993\" style=\"color:#bd8997;font-size:24px\"><strong>Utilisation<\/strong><\/p><p style=\"font-size:16px\">\u2022 Anxi\u00e9t\u00e9<br>\u2022 Insomnies<br>\u2022 Sevrage d\u2019une d\u00e9pendance<br><\/p><p style=\"font-size:16px\"><strong>Nom botanique :<\/strong> <em>Angelica archangelica<\/em><br><strong>Mode d\u2019obtention :<\/strong> Distillations \u00e0 la vapeur d\u2019eau <br><strong>Partie de plante :<\/strong> Semence<br><br><strong>Ch\u00e9motype :<\/strong> Beta-phellandr\u00e8ne, limon\u00e8ne<br><strong>Densit\u00e9 relative :<\/strong> \u00a01.04 &#8211; 1.07 (\u00e0 20\u00b0C)<br><strong>Point \u00e9clair :<\/strong> +97\u00b0 C<br><strong>Origine :<\/strong> La Motte-du-Caire, France<\/p><p class=\"has-text-color has-link-color wp-elements-c7c1382109dc8932735a0810eddf2f6f\" style=\"color:#bd8997;font-size:24px\"><strong>Pr\u00e9cautions d\u2019utilisation<\/strong><\/p><p style=\"font-size:16px\">Huile essentielle photosensibilisante, ne pas s\u2019exposer au soleil apr\u00e8s son utilisation.<br>Se laver les mains avant et apr\u00e8s avoir utilis\u00e9 des huiles essentielles.<br>Ne pas utiliser l\u2019huile essentielle d\u2019ang\u00e9lique chez la femme enceinte pendant tout le temps de la grossesse.<br>Ne pas utiliser chez la femme allaitante.<br><br>Ne pas utiliser l\u2019huile essentielle d\u2019ang\u00e9lique chez les b\u00e9b\u00e9s et les enfants de moins de 7 ans.<br>Ne pas laisser les flacons d\u2019huiles essentielles \u00e0 la port\u00e9e des enfants.<\/p><p style=\"font-size:16px\">.<\/p>","protected":false},"excerpt":{"rendered":"<p>L&rsquo;huile essentielle d&rsquo;Ang\u00e9lique est tr\u00e8s r\u00e9put\u00e9e pour <strong>lutter contre les \u00e9tats de stress et la nervosit\u00e9. Apaisante,<\/strong> l&rsquo;huile essentielle d&rsquo;Ang\u00e9lique relaxe en cas de\u00a0troubles du sommeil. Elle est \u00e9galement traditionnellement conseill\u00e9e pour <strong>att\u00e9nuer les inconforts digestifs.<\/strong><\/p>\n","protected":false},"featured_media":677,"template":"","meta":[],"product_cat":[16],"product_tag":[],"yoast_head":"<!-- This site is optimized with the Yoast SEO plugin v22.8 - https:\/\/yoast.com\/wordpress\/plugins\/seo\/ -->\n<title>Huile essentielle d&#039;Ang\u00e9lique - emanature.com<\/title>\n<meta name=\"robots\" content=\"index, follow, max-snippet:-1, max-image-preview:large, max-video-preview:-1\" \/>\n<link rel=\"canonical\" href=\"https:\/\/emanature.com\/index.php\/product\/huile-essentielle-de-dangelique\/\" \/>\n<meta property=\"og:locale\" content=\"fr_FR\" \/>\n<meta property=\"og:type\" content=\"article\" \/>\n<meta property=\"og:title\" content=\"Huile essentielle d&#039;Ang\u00e9lique - emanature.com\" \/>\n<meta property=\"og:description\" content=\"L&#039;huile essentielle d&#039;Ang\u00e9lique est tr\u00e8s r\u00e9put\u00e9e pour lutter contre les \u00e9tats de stress et la nervosit\u00e9. Apaisante, l&#039;huile essentielle d&#039;Ang\u00e9lique relaxe en cas de\u00a0troubles du sommeil. Elle est \u00e9galement traditionnellement conseill\u00e9e pour att\u00e9nuer les inconforts digestifs.\" \/>\n<meta property=\"og:url\" content=\"https:\/\/emanature.com\/index.php\/product\/huile-essentielle-de-dangelique\/\" \/>\n<meta property=\"og:site_name\" content=\"emanature.com\" \/>\n<meta property=\"article:modified_time\" content=\"2024-05-06T16:54:50+00:00\" \/>\n<meta property=\"og:image\" content=\"https:\/\/emanature.com\/wp-content\/uploads\/2024\/05\/huile-essentielle-angelique-scaled.jpg\" \/>\n\t<meta property=\"og:image:width\" content=\"2560\" \/>\n\t<meta property=\"og:image:height\" content=\"2560\" \/>\n\t<meta property=\"og:image:type\" content=\"image\/jpeg\" \/>\n<meta name=\"twitter:card\" content=\"summary_large_image\" \/>\n<meta name=\"twitter:label1\" content=\"Dur\u00e9e de lecture estim\u00e9e\" \/>\n\t<meta name=\"twitter:data1\" content=\"1 minute\" \/>\n<script type=\"application\/ld+json\" class=\"yoast-schema-graph\">{\"@context\":\"https:\/\/schema.org\",\"@graph\":[{\"@type\":\"WebPage\",\"@id\":\"https:\/\/emanature.com\/index.php\/product\/huile-essentielle-de-dangelique\/\",\"url\":\"https:\/\/emanature.com\/index.php\/product\/huile-essentielle-de-dangelique\/\",\"name\":\"Huile essentielle d'Ang\u00e9lique - emanature.com\",\"isPartOf\":{\"@id\":\"https:\/\/emanature.com\/#website\"},\"primaryImageOfPage\":{\"@id\":\"https:\/\/emanature.com\/index.php\/product\/huile-essentielle-de-dangelique\/#primaryimage\"},\"image\":{\"@id\":\"https:\/\/emanature.com\/index.php\/product\/huile-essentielle-de-dangelique\/#primaryimage\"},\"thumbnailUrl\":\"https:\/\/emanature.com\/wp-content\/uploads\/2024\/05\/huile-essentielle-angelique-scaled.jpg\",\"datePublished\":\"2024-04-10T19:20:18+00:00\",\"dateModified\":\"2024-05-06T16:54:50+00:00\",\"breadcrumb\":{\"@id\":\"https:\/\/emanature.com\/index.php\/product\/huile-essentielle-de-dangelique\/#breadcrumb\"},\"inLanguage\":\"fr-FR\",\"potentialAction\":[{\"@type\":\"ReadAction\",\"target\":[\"https:\/\/emanature.com\/index.php\/product\/huile-essentielle-de-dangelique\/\"]}]},{\"@type\":\"ImageObject\",\"inLanguage\":\"fr-FR\",\"@id\":\"https:\/\/emanature.com\/index.php\/product\/huile-essentielle-de-dangelique\/#primaryimage\",\"url\":\"https:\/\/emanature.com\/wp-content\/uploads\/2024\/05\/huile-essentielle-angelique-scaled.jpg\",\"contentUrl\":\"https:\/\/emanature.com\/wp-content\/uploads\/2024\/05\/huile-essentielle-angelique-scaled.jpg\",\"width\":2560,\"height\":2560},{\"@type\":\"BreadcrumbList\",\"@id\":\"https:\/\/emanature.com\/index.php\/product\/huile-essentielle-de-dangelique\/#breadcrumb\",\"itemListElement\":[{\"@type\":\"ListItem\",\"position\":1,\"name\":\"Accueil\",\"item\":\"https:\/\/emanature.com\/\"},{\"@type\":\"ListItem\",\"position\":2,\"name\":\"Produits\",\"item\":\"https:\/\/emanature.com\/index.php\/shop\/\"},{\"@type\":\"ListItem\",\"position\":3,\"name\":\"Huile essentielle d&rsquo;Ang\u00e9lique\"}]},{\"@type\":\"WebSite\",\"@id\":\"https:\/\/emanature.com\/#website\",\"url\":\"https:\/\/emanature.com\/\",\"name\":\"emanature.com\",\"description\":\"Eveillez vos sens, Lib\u00e9rez votre bien-\u00eatre\",\"publisher\":{\"@id\":\"https:\/\/emanature.com\/#organization\"},\"potentialAction\":[{\"@type\":\"SearchAction\",\"target\":{\"@type\":\"EntryPoint\",\"urlTemplate\":\"https:\/\/emanature.com\/?s={search_term_string}\"},\"query-input\":\"required name=search_term_string\"}],\"inLanguage\":\"fr-FR\"},{\"@type\":\"Organization\",\"@id\":\"https:\/\/emanature.com\/#organization\",\"name\":\"emanature.com\",\"url\":\"https:\/\/emanature.com\/\",\"logo\":{\"@type\":\"ImageObject\",\"inLanguage\":\"fr-FR\",\"@id\":\"https:\/\/emanature.com\/#\/schema\/logo\/image\/\",\"url\":\"https:\/\/emanature.com\/wp-content\/uploads\/2024\/04\/logo-ok-web.svg\",\"contentUrl\":\"https:\/\/emanature.com\/wp-content\/uploads\/2024\/04\/logo-ok-web.svg\",\"width\":571,\"height\":81,\"caption\":\"emanature.com\"},\"image\":{\"@id\":\"https:\/\/emanature.com\/#\/schema\/logo\/image\/\"}}]}<\/script>\n<!-- \/ Yoast SEO plugin. -->","yoast_head_json":{"title":"Huile essentielle d'Ang\u00e9lique - emanature.com","robots":{"index":"index","follow":"follow","max-snippet":"max-snippet:-1","max-image-preview":"max-image-preview:large","max-video-preview":"max-video-preview:-1"},"canonical":"https:\/\/emanature.com\/index.php\/product\/huile-essentielle-de-dangelique\/","og_locale":"fr_FR","og_type":"article","og_title":"Huile essentielle d'Ang\u00e9lique - emanature.com","og_description":"L'huile essentielle d'Ang\u00e9lique est tr\u00e8s r\u00e9put\u00e9e pour lutter contre les \u00e9tats de stress et la nervosit\u00e9. Apaisante, l'huile essentielle d'Ang\u00e9lique relaxe en cas de\u00a0troubles du sommeil. Elle est \u00e9galement traditionnellement conseill\u00e9e pour att\u00e9nuer les inconforts digestifs.","og_url":"https:\/\/emanature.com\/index.php\/product\/huile-essentielle-de-dangelique\/","og_site_name":"emanature.com","article_modified_time":"2024-05-06T16:54:50+00:00","og_image":[{"width":2560,"height":2560,"url":"https:\/\/emanature.com\/wp-content\/uploads\/2024\/05\/huile-essentielle-angelique-scaled.jpg","type":"image\/jpeg"}],"twitter_card":"summary_large_image","twitter_misc":{"Dur\u00e9e de lecture estim\u00e9e":"1 minute"},"schema":{"@context":"https:\/\/schema.org","@graph":[{"@type":"WebPage","@id":"https:\/\/emanature.com\/index.php\/product\/huile-essentielle-de-dangelique\/","url":"https:\/\/emanature.com\/index.php\/product\/huile-essentielle-de-dangelique\/","name":"Huile essentielle d'Ang\u00e9lique - emanature.com","isPartOf":{"@id":"https:\/\/emanature.com\/#website"},"primaryImageOfPage":{"@id":"https:\/\/emanature.com\/index.php\/product\/huile-essentielle-de-dangelique\/#primaryimage"},"image":{"@id":"https:\/\/emanature.com\/index.php\/product\/huile-essentielle-de-dangelique\/#primaryimage"},"thumbnailUrl":"https:\/\/emanature.com\/wp-content\/uploads\/2024\/05\/huile-essentielle-angelique-scaled.jpg","datePublished":"2024-04-10T19:20:18+00:00","dateModified":"2024-05-06T16:54:50+00:00","breadcrumb":{"@id":"https:\/\/emanature.com\/index.php\/product\/huile-essentielle-de-dangelique\/#breadcrumb"},"inLanguage":"fr-FR","potentialAction":[{"@type":"ReadAction","target":["https:\/\/emanature.com\/index.php\/product\/huile-essentielle-de-dangelique\/"]}]},{"@type":"ImageObject","inLanguage":"fr-FR","@id":"https:\/\/emanature.com\/index.php\/product\/huile-essentielle-de-dangelique\/#primaryimage","url":"https:\/\/emanature.com\/wp-content\/uploads\/2024\/05\/huile-essentielle-angelique-scaled.jpg","contentUrl":"https:\/\/emanature.com\/wp-content\/uploads\/2024\/05\/huile-essentielle-angelique-scaled.jpg","width":2560,"height":2560},{"@type":"BreadcrumbList","@id":"https:\/\/emanature.com\/index.php\/product\/huile-essentielle-de-dangelique\/#breadcrumb","itemListElement":[{"@type":"ListItem","position":1,"name":"Accueil","item":"https:\/\/emanature.com\/"},{"@type":"ListItem","position":2,"name":"Produits","item":"https:\/\/emanature.com\/index.php\/shop\/"},{"@type":"ListItem","position":3,"name":"Huile essentielle d&rsquo;Ang\u00e9lique"}]},{"@type":"WebSite","@id":"https:\/\/emanature.com\/#website","url":"https:\/\/emanature.com\/","name":"emanature.com","description":"Eveillez vos sens, Lib\u00e9rez votre bien-\u00eatre","publisher":{"@id":"https:\/\/emanature.com\/#organization"},"potentialAction":[{"@type":"SearchAction","target":{"@type":"EntryPoint","urlTemplate":"https:\/\/emanature.com\/?s={search_term_string}"},"query-input":"required name=search_term_string"}],"inLanguage":"fr-FR"},{"@type":"Organization","@id":"https:\/\/emanature.com\/#organization","name":"emanature.com","url":"https:\/\/emanature.com\/","logo":{"@type":"ImageObject","inLanguage":"fr-FR","@id":"https:\/\/emanature.com\/#\/schema\/logo\/image\/","url":"https:\/\/emanature.com\/wp-content\/uploads\/2024\/04\/logo-ok-web.svg","contentUrl":"https:\/\/emanature.com\/wp-content\/uploads\/2024\/04\/logo-ok-web.svg","width":571,"height":81,"caption":"emanature.com"},"image":{"@id":"https:\/\/emanature.com\/#\/schema\/logo\/image\/"}}]}},"jetpack_sharing_enabled":true,"_links":{"self":[{"href":"https:\/\/emanature.com\/index.php\/wp-json\/wp\/v2\/product\/313"}],"collection":[{"href":"https:\/\/emanature.com\/index.php\/wp-json\/wp\/v2\/product"}],"about":[{"href":"https:\/\/emanature.com\/index.php\/wp-json\/wp\/v2\/types\/product"}],"wp:featuredmedia":[{"embeddable":true,"href":"https:\/\/emanature.com\/index.php\/wp-json\/wp\/v2\/media\/677"}],"wp:attachment":[{"href":"https:\/\/emanature.com\/index.php\/wp-json\/wp\/v2\/media?parent=313"}],"wp:term":[{"taxonomy":"product_cat","embeddable":true,"href":"https:\/\/emanature.com\/index.php\/wp-json\/wp\/v2\/product_cat?post=313"},{"taxonomy":"product_tag","embeddable":true,"href":"https:\/\/emanature.com\/index.php\/wp-json\/wp\/v2\/product_tag?post=313"}],"curies":[{"name":"wp","href":"https:\/\/api.w.org\/{rel}","templated":true}]}}